r when 43 is divided by g?
21
Suppose 3*w + w = -z - 2, 5*w + 97 = 4*z. Calculate the remainder when 34 is divided by z.
16
Let r(a) = -a + 6. Let d be r(-5). Suppose d = f - 5. Calculate the remainder when f is divided by 9.
7
Let q be (-3 + 0 - -6) + -3. Suppose q = 3*p - 93. What is the remainder when p is divided by 11?
9
Let a = 6 + -3. Suppose -18 = w + 2*j + j, -j + 54 = -a*w. What is the remainder when 15 is divided by w/(-5) + 6/15?
3
Suppose -19*h = -24*h + 705. What is the remainder when h is divided by 13?
11
Let h = -32 - -51. What is the remainder when 54 is divided by h?
16
Let w = 14 + -5. Let a = w + -10. What is the remainder when 15 is divided by a + -1 + 6 + 2?
3
Let p(c) = -c**2 - 3*c - 1. Let i be p(-3). Let n(y) = -y**3 - 9*y**2 - 3*y - 3. What is the remainder when (132/(-9) + i)*-3 is divided by n(-9)?
23
Suppose 6*d + 3*f + 12 = 3*d, -2*f - 9 = d. Calculate the remainder when 2 is divided by d.
0
Suppose -d + 4 - 11 = 2*y, y + 23 = -2*d. Let z = -2 - d. Suppose -g = 4*t + 2*g - 13, -2*t + 11 = -3*g. Calculate the remainder when z is divided by t.
3
Let r(n) = -n**3 + 7*n**2 - 5*n + 9. What is the remainder when 58 is divided by r(6)?
13
Let z = -444 + 1275. Calculate the remainder when 6/(-15) - z/(-15) is divided by 19.
17
Let c be -2 + 1 - (-6)/3. Let r(y) = 2*y**3 - 2*y**2 + 2*y - 1. Calculate the remainder when 2 is divided by r(c).
0
Suppose -4*k = 3*v - 158, -2*v + 151 = 4*k + 43. What is the remainder when v is divided by (-28 - -2)/(-1 + 0)?
24
Suppose 0 = -2*u + 8 + 12. Suppose -2*r + 16 = -4*s, -6 = -r - 2*s + u. What is the remainder when 34 is divided by r?
10
Let z(c) = -c**3 + c**2 - 2*c - 2. Let d = 4 + -6. Suppose -k + 0 = -s - 4, -2*k + 5*s + 8 = 0. Calculate the remainder when z(d) is divided by k.
2
Let b = -27 - -54. Suppose 3*o - b = 2*o. What is the remainder when o is divided by 14?
13
Let i = -3 + 42. Let y = -2 + 12. Calculate the remainder when i is divided by y.
9
Suppose -z = 3*k - 1, -3*k = -2*z - 1 + 3. Let w = 16 - 8. Calculate the remainder when (-23 + k/(-1))/(-1) is divided by w.
7
Let w = 93 - 140. Let k = 78 + w. Suppose 0 = -2*o + 4 + 18. What is the remainder when k is divided by o?
9
Suppose -13*h = -12*h - 10. What is the remainder when 28 is divided by h?
8
Suppose -17 + 2 = -3*x. Suppose -96 = -9*n + x*n. What is the remainder when n is divided by 13?
11
Suppose -l + 5*a - 8 = -2*l, 0 = l - 3*a. What is the remainder when l is divided by 1?
0
Let f = -26 + 34. What is the remainder when f is divided by 6?
2
Let z = -61 + 114. Let t = -31 - -49. What is the remainder when z is divided by t?
17
Suppose 3*s = -3*c - 300, c + 5*s + 0*s = -84. What is the remainder when 50 is divided by (-6)/(-4)*c/(-12)?
11
Let g = -362 + 527. What is the remainder when g is divided by 24?
21
Let w(i) = -i**2 + 7*i + 38. Calculate the remainder when 198 is divided by w(9).
18
Let j be (-1 - (-4)/8)*0. Suppose i - 25 = -j*i + 4*n, 5*i - 163 = n. What is the remainder when i is divided by 9?
6
Let q = -42 + 86. Calculate the remainder when q is divided by -1 + 2 + 14 + 0.
14
Let x be 8/(-44) + 57/11. Suppose g + x*n = -16, -5*n + 2*n + 4 = 4*g. Suppose 14 = -g*t + 98. What is the remainder when t is divided by 6?
3
Let u be (-178)/(-15) + (-16)/(-120). Suppose u - 144 = -3*j. What is the remainder when j is divided by 15?
14
Suppose 3*j = 4*x - 213, -4*x + 2*j = -0*x - 214. Calculate the remainder when 215 is divided by x.
53
Suppose 2*j - 4*j + 90 = 0. Let q = j - 32. What is the remainder when q is divided by 7?
6
Let a = -40 - -77. What is the remainder when 73 is divided by a?
36
Let p(a) = a**2 - 5*a + 6. Let i be p(7). Suppose -5*u + i = -u. Suppose 3*s + u*w = 63, 2*s + 5*w = 9 + 28. What is the remainder when s is divided by 9?
8
Let s(x) = x. Let w be s(-1). What is the remainder when (-21 - 3/(-3))/w is divided by 11?
9
Suppose 0 = 4*j - 6*j + 138. Let r = j + -47. Calculate the remainder when r is divided by 5.
2
Let m(p) = -6*p + 7. What is the remainder when m(-3) is divided by 14?
11
Suppose -5*n + 405 = -2*n. Suppose -n = -2*l + 9. Let m = -41 + l. What is the remainder when m is divided by 16?
15
Let m(f) = f**3 + 4*f**2 - 6*f - 6. Suppose 0 = -u - 3*u - 2*x - 8, -5*u + 5*x - 40 = 0. What is the remainder when m(u) is divided by 5?
3
Suppose 3*l = l + 10. What is the remainder when 11 is divided by l?
1
Suppose 0 = 2*w - 0*w - 22. Suppose 5*k = 19*k - 84. Calculate the remainder when w is divided by k.
5
Let l = -51 - -74. Let k(i) = -10*i - 16. Let m be k(-7). Suppose -6*o - m = -456. Calculate the remainder when o is divided by l.
21
Suppose -d = 2, 5*d + 40 = 5*z - 50. Calculate the remainder when (-368)/20*5/(-2) is divided by z.
14
Let v = -27 + 18. Let u = v + -6. Let d = -9 - u. What is the remainder when 16 is divided by d?
4
Let u = 18 + 70. Calculate the remainder when u is divided by 18.
16
Let h(j) = j**3 + 10*j**2 + 3*j - 11. Let d be h(-9). Suppose -n + 29 = 3*t, 2*n + n + d = 4*t. What is the remainder when 19 is divided by t?
9
Let i = 46 + -36. What is the remainder when 49 is divided by i?
9
Let a = 60 - 42. Calculate the remainder when 69 is divided by a.
15
Let j = 2 - 1. Let h = 4 - j. Calculate the remainder when 20 is divided by (1/h)/(6/126).
6
Suppose k + 3*i - 6*i = 28, -5*i = -k + 38. Let o = 29 - k. Suppose 20 = 4*z - o. Calculate the remainder when 26 is divided by z.
8
Let z(a) = 5*a**2 + 5*a + 14. Let f(q) = 4*q**2 + 4*q + 13. Let x(c) = -6*f(c) + 5*z(c). Calculate the remainder when x(-6) is divided by 6.
4
Let z(x) = -x**2 - 7*x - 3. Let r be z(-6). Suppose -19 = -4*d - r. Suppose d = 3*m - v - 29, 5*v + 5 = -m. Calculate the remainder when 38 is divided by m.
8
Let n(q) = -q**3 + q**2 + 51. What is the remainder when n(0) is divided by 14?
9
Suppose 3*t - 5 - 1 = 0. Suppose t*a = -0*a + 18. Suppose 2*h - 6*h = -68. What is the remainder when h is divided by a?
8
What is the remainder when 86 is divided by (9/(-6) + -3)/(12/(-40))?
11
Suppose f = 3*f + 3*q - 35, -5*q + 100 = 5*f. Calculate the remainder when 74 is divided by f.
24
Suppose 5*c + 7 = 42. Suppose -69 = -c*y + 4*y. Suppose 0 = -4*k - 3*x + 44, -2*k + 3*x = -4 - 0. What is the remainder when y is divided by k?
7
Let d(a) = 5*a - 13. What is the remainder when d(6) is divided by 7?
3
Let r(y) = -20*y**3 + y**2 + 3*y + 3. What is the remainder when r(-1) is divided by 15?
6
Let m(t) = 4*t - 3*t**2 + 4*t**2 + 2 + 3. What is the remainder when m(-6) is divided by 9?
8
Suppose 0 = p + 1 + 2. Calculate the remainder when (p/6)/(3/(-18)) is divided by 1.
0
Suppose b - 5*b = 12. Let v = 1 - b. What is the remainder when 5 is divided by v?
1
Let z(c) = -c**3 + 7. Suppose 0 = 3*b + 5*l + 15, 2*b - 1 = -2*l - 7. Calculate the remainder when 20 is divided by z(b).
6
Let h(z) = 2*z + 3. Suppose -24 = -5*w + 101. What is the remainder when w is divided by h(5)?
12
Let m = -157 + 171. Suppose 0*p - p + 55 = 0. Calculate the remainder when p is divided by m.
13
Let u(z) = -z**3 - z**2 - z + 1. Let f be u(-2). Let t = f - -24. What is the remainder when t is divided by 16?
15
Let n = -101 + 102. Calculate the remainder when 4 is divided by n.
0
Let c = 87 + -52. Let q(m) = 5*m + 3. Calculate the remainder when c is divided by q(3).
17
Let z be ((-3)/(-2))/(9/(-12)). What is the remainder when 34 is divided by (-37)/(-2) + z/4?
16
Let g = -6 + 10. Calculate the remainder when 4 + 4/(g/(-1)) is divided by 3.
0
What is the remainder when 35 is divided by (-154)/(-8) + (-3)/12?
16
Suppose 4*s + 2 = -y, -3*s + 54 = 4*y + 10. Let j = 12 - 55. What is the remainder when -1 + (1 - j) + -2 is divided by y?
13
Let y be (0/(-1))/2 + 8. Let d(q) = -q**3 + 9*q**2 - 8*q + 5. Let l be d(y). Suppose 2*z = l*z - 30. Calculate the remainder when 29 is divided by z.
9
Suppose -3*t + 18 = 2*d + d, 0 = t - 2*d. Suppose z + 25 = 2*z - t*g, 0 = -5*g - 25. Calculate the remainder when z is divided by ((-1)/(4/(-4)))/(4/8).
1
Suppose -36 = -4*v + 84. Calculate the remainder when v is divided by 16.
14
Suppose -i - i + 100 = 2*h, i - 4*h = 45. Calculate the remainder when i is divided by 13.
10
Let h(x) = x**3 - 11*x**2 + 13*x - 1. Calculate the remainder when h(10) is divided by 16.
13
Let p(a) = -a**2 + 4*a + 5. What is the 